 be (17/i)/((-1)/(-4)). Suppose g + 11 = q. List the prime factors of g.
23
Suppose 0 = 3*a - 9*a + 5718. What are the prime factors of a?
953
Let p = -247 + 2635. List the prime factors of p.
2, 3, 199
Suppose k + 40 = 2*k. Let g(s) = 2*s - 10. Let z be g(11). What are the prime factors of (z/(-5))/((-3)/k)?
2
Suppose 24*q = -684 - 684. Let i(o) = -4*o**3 - o**2 + o. Let d be i(-3). Let h = d + q. List the prime factors of h.
3, 13
Suppose 5*u + 15 + 5 = 0. Let p(c) be the third derivative of -c**4/8 + 7*c**3/6 - 2*c**2. List the prime factors of p(u).
19
Let p = 15169 + -10633. What are the prime factors of p?
2, 3, 7
Let k(y) = 4*y**2 - 273*y - 34. What are the prime factors of k(81)?
17, 241
Let l(g) = g + 9. Let z be l(-4). Suppose 0 = -z*y - 0*y + 375. What are the prime factors of y?
3, 5
Suppose 5*p - 15 = 0, p - 67 = -4*v - 0*p. Let r = 6 + v. What are the prime factors of 0 + r + (-5)/5?
3, 7
Let q be 16/2 + 9/(-3). Suppose q*z - 87 = -17. What are the prime factors of (34/4 - 4)*z?
3, 7
List the prime factors of (68 - 0)*437/76.
17, 23
Suppose -38 = -p + 3*p. Let g = 30 - p. List the prime factors of g.
7
Suppose -5*y + 40 = -0. Let n(i) = y*i + 1 - 1 + 7 - 11*i. What are the prime factors of n(-8)?
31
Let m = 2786 - 874. List the prime factors of m.
2, 239
Let i be 15*((-8)/(-3))/2. Suppose 40*w = 32*w. Suppose o + w*o = i. What are the prime factors of o?
2, 5
List the prime factors of ((-16)/20)/4 + (-86)/(-5).
17
Let o(h) = 173*h + 55. What are the prime factors of o(2)?
401
Suppose u - 26 = 1. Let b = 47 - u. Suppose 6 = -c + 3*m + b, -m - 38 = -2*c. List the prime factors of c.
2, 5
Let i be -5 + -1*(-3)/3. What are the prime factors of (366/i)/(2 + (-22)/8)?
2, 61
Let q(y) be the second derivative of -y**4/12 - y**3/2 + 117*y**2/2 + 17*y. What are the prime factors of q(0)?
3, 13
Let t(d) = 16*d - 2. Let s be t(-4). What are the prime factors of ((-704)/s)/(2/3)?
2
Suppose -2*c + 7*v + 822 = 6*v, -5*v = 10. List the prime factors of c.
2, 5, 41
Let k be (-40)/30 + 10/3. Suppose k*i = i + 225. Suppose -7 = 4*n + 2*p - 181, 5*n - i = -4*p. List the prime factors of n.
41
List the prime factors of -6 - ((-25509)/4 + (-3)/(-12)).
23, 277
Let r(p) be the first derivative of 13*p**2/2 - 6*p - 39. Let s(b) = -b + 13. Let v be s(6). List the prime factors of r(v).
5, 17
Let h(m) = m**3 + 10*m**2 + 3*m + 11. Suppose -4*q + 36 = -3*f - 2*f, -4*f + 2*q = 30. What are the prime factors of h(f)?
5, 23
Let q(v) = -3*v - 5. Let m be q(-2). What are the prime factors of -4 - (m/4 + (-2091)/12)?
2, 5, 17
Let d = 4 + 0. Let r be 166/34 + (-34)/(-289). Suppose -3*w + r = -g, -d*g + 7 = -2*w - 3. List the prime factors of w.
3
Let h be ((-8)/6)/((-34)/(-765)). Let p = h + 38. What are the prime factors of (-1)/(-1) - (-112)/p?
3, 5
Let p be (-4)/(1/5*1). Let v be (p/(-12))/(2/972). List the prime factors of v/22 - (-6)/33.
37
Let y(r) = -3*r - 6. Let s be y(-6). Let u = s - 15. Let h = u + 12. List the prime factors of h.
3
Let p = 1321 - 846. List the prime factors of p.
5, 19
Let u = -61 + 89. Suppose s - 50 = u. List the prime factors of s.
2, 3, 13
Let c = 24 - 24. Let b be c/(3 - 7) + 31. List the prime factors of 1 + b - 10/5.
2, 3, 5
Suppose -4*h - 140 = -9*h. Let s = -31 + 47. Let o = h - s. List the prime factors of o.
2, 3
Let t be (-124)/(-24) + (-1)/6. Suppose 4*i - 4*l = -48, t*l = 3 + 7. What are the prime factors of 8/i*25/(-2)?
2, 5
Suppose 5338 = -28*p + 27038. What are the prime factors of p?
5, 31
Let s be ((-9)/6)/(21/56). Let z(h) = -56*h - 1. What are the prime factors of z(s)?
223
Let g(h) = -108*h - 13. List the prime factors of g(-7).
743
Let n(d) = 1165*d**2 + 22*d + 40. What are the prime factors of n(-2)?
2, 3, 97
Suppose 9*w - 5*w + 7124 = 3*f, 2*w = 3*f - 7132. What are the prime factors of f?
2, 5, 7, 17
Suppose -40*o + 36*o = 4. What are the prime factors of o/(1 + (-115)/114) - 1?
113
Let d(z) = z - 1. Let r be d(3). Suppose 19 = -14*o + 33*o. What are the prime factors of 27 + (r - o)*-1?
2, 13
Suppose 5*d = 4*u - 244, -5*u + 2*d + 322 = -0*u. Suppose -2*y + u = -y. Suppose 0*w - 3*w = -y. List the prime factors of w.
2, 11
Let p(d) = d**2 + 8*d + 19. Let k be p(-5). Suppose -5*s - 4*z + 816 = 61, -k*s + z = -604. What are the prime factors of s?
151
Suppose 0 = -13*u + 23 + 3721. What are the prime factors of u?
2, 3
Suppose 0 = -0*k - 2*k + 1036. Let m = k - 311. List the prime factors of m.
3, 23
Let a be 14/(-35) + (-38)/5. Let k be -2 - ((-2 - -6) + a). Suppose -k*t + 52 = -0*t. List the prime factors of t.
2, 13
Let s(x) = 634*x**3 - 7*x + 6. List the prime factors of s(1).
3, 211
Let u = -51 + 453. List the prime factors of u.
2, 3, 67
Let t(n) = 3*n**2 - 3*n + 1. Let i = -1 + 3. Let g be t(i). Let b = g - 1. List the prime factors of b.
2, 3
Let q(d) = -27*d + 2973. List the prime factors of q(0).
3, 991
Let i(c) be the first derivative of -c**3/3 + 5*c**2 + 13*c + 11. Let w be i(11). Suppose b = -2*z + 56, -3*z = w*b - 56 - 51. What are the prime factors of b?
2, 23
Let g(d) = -8*d**3 + 5*d**2 + 6*d + 8. What are the prime factors of g(-4)?
2, 3
Suppose -13*t + 11*t = 0. Suppose 658 = 3*y + 2*i, -5*y - 3*i - 2*i + 1090 = t. Suppose y = 3*r + 3*r. What are the prime factors of r?
37
Let p(w) = -29*w - 3. Let a(r) = -637*r - 65. Let f(x) = 3*a(x) - 65*p(x). What are the prime factors of f(-2)?
2, 13
Suppose -436 = -s + q + 344, 4*s - 3*q = 3123. List the prime factors of s.
3, 29
Let u = 955 + -655. List the prime factors of u.
2, 3, 5
Suppose 4*l = -3*u + 2033, 5*u - 15 = -0. What are the prime factors of l?
2, 11, 23
Let d(v) = 8*v - 4. Let n be d(9). What are the prime factors of ((-3)/(-6))/(2/n)?
17
Let z(p) = -p - 31. Let f be z(14). Let j = f - -108. List the prime factors of j.
3, 7
Suppose 4*q + 0*q - 56 = 0. Let p be (3 - (-1 + 1)) + q. Suppose -3*r = -p - 85. What are the prime factors of r?
2, 17
List the prime factors of -3748*7/14*-2.
2, 937
Suppose -3*y - 37 = 5*q - 11, 5*y - 4*q = 6. Let t be (-7)/(-2) - (-1)/y. Suppose 0 = -k - 2*l + 6, -4*l + 48 = 2*k + t*k. List the prime factors of k.
2, 3
Let i = -311 - -1012. What are the prime factors of i?
701
Suppose -2*u - 3*j + 8 = 0, 4*u - 3*j = -0*j + 16. Suppose -385 = -u*q - q. List the prime factors of q.
7, 11
Let a be 245/28 - 6/8. Suppose 11 = 3*i + v, -a = -4*i + v + v. Suppose -i*n - 2 = -r + 1, -3*n - 51 = -5*r. List the prime factors of r.
2, 3
Let r(u) = u**2 - u - 1. Let y be r(4). Suppose -5*l = -y - 4. Suppose w = 3*v + v + 19, -l*w + 137 = 4*v. What are the prime factors of w?
3, 13
Suppose 9844 + 8965 = 7*o. What are the prime factors of o?
2687
Let r(u) = -u**3 - 11*u**2 + 21*u + 2. What are the prime factors of r(-15)?
587
Let w be (-10)/(-55) - 256/(-44). List the prime factors of (-1)/(-3) + 2 + 898/w.
2, 19
Suppose -2*f + 7 = -d, -d + 2*d = f - 1. What are the prime factors of f/21 + 750/21?
2, 3
Suppose 0 = -3*c + 6*c + 60. What are the prime factors of (-1165)/(-7) + c/(-35)?
167
Suppose 0 = -3*x + v + 3715, -x - 5*v + 226 = -1039. List the prime factors of x.
2, 5, 31
Suppose -6*o + 7 + 5 = 0. Suppose o*b = b. Suppose b = -6*r + 8*r - 40. What are the prime factors of r?
2, 5
What are the prime factors of -1 + 3199 - (-393)/131?
3, 11, 97
Let d(h) = h**2 + 6*h + 8. Let y be d(-7). Suppose -2*v + 4 = -2. Suppose y = v*g + 2*g. List the prime factors of g.
3
Let s = -434 - -1367. What are the prime factors of s?
3, 311
Let w(s) = -s + 4. Let p(n) = 3*n - 8. Let d(m) = 2*p(m) + 5*w(m). Let j(b) = 2*b. Let i be j(4). What are the prime factors of d(i)?
2, 3
Let l = 2217 - 620. What are the prime factors of l?
1597
Suppose 16 = -2*p + 5*n + 149, 3*p - n = 167. Let f = p + -51. List the prime factors of f.
3
Let y(b) = 3*b**2 + 6*b + 11. Let c be -7*(12/4 + -2). What are the prime factors of y(c)?
2, 29
Let h = 5087 + -2687. What are the prime factors of h?
2, 3, 5
List the prime factors of (2 - -261)*5*6/10.
3, 263
Let g be (-6 - (-1 + 0))*-1. Let j = g + 0. Suppose -3*y - 2*y = -4*d + 96, -j*d = -3*y - 120. What are the prime factors of d?
2, 3
Let j(m) = -m + 5. Let y be j(-3). Let w = 2 + -2. Suppose 5*a + y - 93 = w. List the prime factors of a.
17
Let s be ((-16)/(-20))/(7/490). Let h be -2 - -1*4 - -1. Suppose -25